{"id":7763,"date":"2017-05-08T15:22:37","date_gmt":"2017-05-08T13:22:37","guid":{"rendered":"https:\/\/www.icdefilippovillanova.edu.it\/archivio\/?page_id=7763"},"modified":"2017-05-10T21:22:09","modified_gmt":"2017-05-10T19:22:09","slug":"coding-con-scratch","status":"publish","type":"page","link":"https:\/\/www.icdefilippovillanova.edu.it\/archivio\/didattica\/progetti\/coding-con-scratch\/","title":{"rendered":"Coding con Scratch"},"content":{"rendered":"<p><a href=\"https:\/\/www.icdefilippovillanova.edu.it\/archivio\/archivio\/wp-content\/uploads\/2017\/05\/Schermata-2017-05-03-alle-09.39.30.png\"><img decoding=\"async\" loading=\"lazy\" class=\"alignnone wp-image-7765 size-large\" src=\"https:\/\/www.icdefilippovillanova.edu.it\/archivio\/archivio\/wp-content\/uploads\/2017\/05\/Schermata-2017-05-03-alle-09.39.30-1024x472.png\" alt=\"\" width=\"1024\" height=\"472\" srcset=\"https:\/\/www.icdefilippovillanova.edu.it\/archivio\/wp-content\/uploads\/2017\/05\/Schermata-2017-05-03-alle-09.39.30-1024x472.png 1024w, https:\/\/www.icdefilippovillanova.edu.it\/archivio\/wp-content\/uploads\/2017\/05\/Schermata-2017-05-03-alle-09.39.30-300x138.png 300w, https:\/\/www.icdefilippovillanova.edu.it\/archivio\/wp-content\/uploads\/2017\/05\/Schermata-2017-05-03-alle-09.39.30-768x354.png 768w, https:\/\/www.icdefilippovillanova.edu.it\/archivio\/wp-content\/uploads\/2017\/05\/Schermata-2017-05-03-alle-09.39.30-180x83.png 180w, https:\/\/www.icdefilippovillanova.edu.it\/archivio\/wp-content\/uploads\/2017\/05\/Schermata-2017-05-03-alle-09.39.30.png 1866w\" sizes=\"(max-width: 1024px) 100vw, 1024px\" \/><\/a><\/p>\n<p>\u201cProgetti come questo servono a dare ai nostri ragazzi la possibilit\u00e0 di essere non solo consumatori di tecnologia, ma cittadini in grado di applicare il pensiero computazionale per sviluppare contenuti e metodi per risolvere i problemi e cogliere le opportunit\u00e0 che la societ\u00e0 \u00e8 gi\u00e0 oggi in grado di offrire\u201d.<\/p>\n<p><em>Stefania Giannini, Ministro dell\u2019Istruzione, dell\u2019Universit\u00e0 e della Ricerca<\/em><\/p>\n<p>&nbsp;<\/p>\n<ul>\n<li>vedi il file del progetto coding\u00a0&#8211;&gt;\u00a0<a href=\"https:\/\/www.icdefilippovillanova.edu.it\/archivio\/archivio\/wp-content\/uploads\/2017\/05\/Progetto-Coding-con-Scratch.pdf\">Progetto Coding con Scratch<\/a><\/li>\n<li>vedi l&#8217;ebook del progetto &#8211;&gt;\u00a0<a href=\"https:\/\/www.icdefilippovillanova.edu.it\/archivio\/archivio\/wp-content\/uploads\/2017\/05\/eBook_scratch.pdf\">eBook_scratch<\/a><\/li>\n<li>video Europe Code Week &#8211;&gt;\u00a0<a href=\"https:\/\/youtu.be\/Eaur_8caDlg\">Europe Code Week<\/a><\/li>\n<\/ul>\n<!-- WP Attachments -->\r\n        <div style=\"width:100%;margin:10px 0 10px 0;\">\r\n            <h3><div style=\"float:right;\">\r\n                <form>\r\n                <select name=\"orderby\" onchange=\"if (this.value) window.location.replace(this.value);\">\r\n                  <option selected value=\"\/archivio\/wp-json\/wp\/v2\/pages\/7763\">Order by<\/option>\r\n                  <option value=\"\/archivio\/wp-json\/wp\/v2\/pages\/7763?orderby=date\">Data<\/option>\r\n                  <option value=\"\/archivio\/wp-json\/wp\/v2\/pages\/7763?orderby=title\">Nome<\/option>\r\n                <\/select>\r\n                <\/form>\r\n            <\/div>Allegati<\/h3>\r\n        <ul class=\"post-attachments\"><li class=\"post-attachment mime-application-pdf\"><a href=\"https:\/\/www.icdefilippovillanova.edu.it\/archivio\/wp-content\/uploads\/2017\/05\/Progetto-Coding-con-Scratch.pdf\">Progetto Coding con Scratch<\/a> <small>(214 kB)<\/small> <div style=\"float:right;\">08.05.2017<\/div><\/li><li class=\"post-attachment mime-application-pdf\"><a href=\"https:\/\/www.icdefilippovillanova.edu.it\/archivio\/wp-content\/uploads\/2017\/05\/eBook_scratch.pdf\">eBook_scratch<\/a> <small>(4 MB)<\/small> <div style=\"float:right;\">08.05.2017<\/div><\/li><\/ul><\/div>","protected":false},"excerpt":{"rendered":"<p>\u201cProgetti come questo servono a dare ai nostri ragazzi la possibilit\u00e0 di essere non solo consumatori di tecnologia, ma cittadini in grado di applicare il&nbsp; &nbsp; <a class=\"moretag\" href=\"https:\/\/www.icdefilippovillanova.edu.it\/archivio\/didattica\/progetti\/coding-con-scratch\/\" title=\"Leggi l&#180;intero articolo\">&raquo;<\/a><\/p>\n","protected":false},"author":1,"featured_media":0,"parent":78,"menu_order":0,"comment_status":"closed","ping_status":"closed","template":"","meta":{"footnotes":""},"yoast_head":"<!-- This site is optimized with the Yoast SEO plugin v21.5 - https:\/\/yoast.com\/wordpress\/plugins\/seo\/ -->\n<title>Coding con Scratch - Istituto Comprensivo Eduardo De Filippo - Villanova<\/title>\n<meta name=\"robots\" content=\"index, follow, max-snippet:-1, max-image-preview:large, max-video-preview:-1\" \/>\n<link rel=\"canonical\" href=\"https:\/\/www.icdefilippovillanova.edu.it\/archivio\/didattica\/progetti\/coding-con-scratch\/\" \/>\n<meta property=\"og:locale\" content=\"it_IT\" \/>\n<meta property=\"og:type\" content=\"article\" \/>\n<meta property=\"og:title\" content=\"Coding con Scratch - Istituto Comprensivo Eduardo De Filippo - Villanova\" \/>\n<meta property=\"og:description\" content=\"\u201cProgetti come questo servono a dare ai nostri ragazzi la possibilit\u00e0 di essere non solo consumatori di tecnologia, ma cittadini in grado di applicare il&nbsp; &nbsp; &raquo;\" \/>\n<meta property=\"og:url\" content=\"https:\/\/www.icdefilippovillanova.edu.it\/archivio\/didattica\/progetti\/coding-con-scratch\/\" \/>\n<meta property=\"og:site_name\" content=\"Istituto Comprensivo Eduardo De Filippo - Villanova\" \/>\n<meta property=\"article:modified_time\" content=\"2017-05-10T19:22:09+00:00\" \/>\n<meta property=\"og:image\" content=\"https:\/\/www.icdefilippovillanova.edu.it\/archivio\/archivio\/wp-content\/uploads\/2017\/05\/Schermata-2017-05-03-alle-09.39.30-1024x472.png\" \/>\n<meta name=\"twitter:card\" content=\"summary_large_image\" \/>\n<script type=\"application\/ld+json\" class=\"yoast-schema-graph\">{\"@context\":\"https:\/\/schema.org\",\"@graph\":[{\"@type\":\"WebPage\",\"@id\":\"https:\/\/www.icdefilippovillanova.edu.it\/archivio\/didattica\/progetti\/coding-con-scratch\/\",\"url\":\"https:\/\/www.icdefilippovillanova.edu.it\/archivio\/didattica\/progetti\/coding-con-scratch\/\",\"name\":\"Coding con Scratch - Istituto Comprensivo Eduardo De Filippo - Villanova\",\"isPartOf\":{\"@id\":\"https:\/\/www.icdefilippovillanova.edu.it\/archivio\/#website\"},\"datePublished\":\"2017-05-08T13:22:37+00:00\",\"dateModified\":\"2017-05-10T19:22:09+00:00\",\"breadcrumb\":{\"@id\":\"https:\/\/www.icdefilippovillanova.edu.it\/archivio\/didattica\/progetti\/coding-con-scratch\/#breadcrumb\"},\"inLanguage\":\"it-IT\",\"potentialAction\":[{\"@type\":\"ReadAction\",\"target\":[\"https:\/\/www.icdefilippovillanova.edu.it\/archivio\/didattica\/progetti\/coding-con-scratch\/\"]}]},{\"@type\":\"BreadcrumbList\",\"@id\":\"https:\/\/www.icdefilippovillanova.edu.it\/archivio\/didattica\/progetti\/coding-con-scratch\/#breadcrumb\",\"itemListElement\":[{\"@type\":\"ListItem\",\"position\":1,\"name\":\"Home\",\"item\":\"https:\/\/www.icdefilippovillanova.edu.it\/archivio\/\"},{\"@type\":\"ListItem\",\"position\":2,\"name\":\"Didattica\",\"item\":\"https:\/\/www.icdefilippovillanova.edu.it\/archivio\/didattica\/\"},{\"@type\":\"ListItem\",\"position\":3,\"name\":\"Attivit\u00e0 e progetti\",\"item\":\"https:\/\/www.icdefilippovillanova.edu.it\/archivio\/didattica\/progetti\/\"},{\"@type\":\"ListItem\",\"position\":4,\"name\":\"Coding con Scratch\"}]},{\"@type\":\"WebSite\",\"@id\":\"https:\/\/www.icdefilippovillanova.edu.it\/archivio\/#website\",\"url\":\"https:\/\/www.icdefilippovillanova.edu.it\/archivio\/\",\"name\":\"Istituto Comprensivo Eduardo De Filippo - Villanova\",\"description\":\"\",\"potentialAction\":[{\"@type\":\"SearchAction\",\"target\":{\"@type\":\"EntryPoint\",\"urlTemplate\":\"https:\/\/www.icdefilippovillanova.edu.it\/archivio\/?s={search_term_string}\"},\"query-input\":\"required name=search_term_string\"}],\"inLanguage\":\"it-IT\"}]}<\/script>\n<!-- \/ Yoast SEO plugin. -->","yoast_head_json":{"title":"Coding con Scratch - Istituto Comprensivo Eduardo De Filippo - Villanova","robots":{"index":"index","follow":"follow","max-snippet":"max-snippet:-1","max-image-preview":"max-image-preview:large","max-video-preview":"max-video-preview:-1"},"canonical":"https:\/\/www.icdefilippovillanova.edu.it\/archivio\/didattica\/progetti\/coding-con-scratch\/","og_locale":"it_IT","og_type":"article","og_title":"Coding con Scratch - Istituto Comprensivo Eduardo De Filippo - Villanova","og_description":"\u201cProgetti come questo servono a dare ai nostri ragazzi la possibilit\u00e0 di essere non solo consumatori di tecnologia, ma cittadini in grado di applicare il&nbsp; &nbsp; &raquo;","og_url":"https:\/\/www.icdefilippovillanova.edu.it\/archivio\/didattica\/progetti\/coding-con-scratch\/","og_site_name":"Istituto Comprensivo Eduardo De Filippo - Villanova","article_modified_time":"2017-05-10T19:22:09+00:00","og_image":[{"url":"https:\/\/www.icdefilippovillanova.edu.it\/archivio\/archivio\/wp-content\/uploads\/2017\/05\/Schermata-2017-05-03-alle-09.39.30-1024x472.png"}],"twitter_card":"summary_large_image","schema":{"@context":"https:\/\/schema.org","@graph":[{"@type":"WebPage","@id":"https:\/\/www.icdefilippovillanova.edu.it\/archivio\/didattica\/progetti\/coding-con-scratch\/","url":"https:\/\/www.icdefilippovillanova.edu.it\/archivio\/didattica\/progetti\/coding-con-scratch\/","name":"Coding con Scratch - Istituto Comprensivo Eduardo De Filippo - Villanova","isPartOf":{"@id":"https:\/\/www.icdefilippovillanova.edu.it\/archivio\/#website"},"datePublished":"2017-05-08T13:22:37+00:00","dateModified":"2017-05-10T19:22:09+00:00","breadcrumb":{"@id":"https:\/\/www.icdefilippovillanova.edu.it\/archivio\/didattica\/progetti\/coding-con-scratch\/#breadcrumb"},"inLanguage":"it-IT","potentialAction":[{"@type":"ReadAction","target":["https:\/\/www.icdefilippovillanova.edu.it\/archivio\/didattica\/progetti\/coding-con-scratch\/"]}]},{"@type":"BreadcrumbList","@id":"https:\/\/www.icdefilippovillanova.edu.it\/archivio\/didattica\/progetti\/coding-con-scratch\/#breadcrumb","itemListElement":[{"@type":"ListItem","position":1,"name":"Home","item":"https:\/\/www.icdefilippovillanova.edu.it\/archivio\/"},{"@type":"ListItem","position":2,"name":"Didattica","item":"https:\/\/www.icdefilippovillanova.edu.it\/archivio\/didattica\/"},{"@type":"ListItem","position":3,"name":"Attivit\u00e0 e progetti","item":"https:\/\/www.icdefilippovillanova.edu.it\/archivio\/didattica\/progetti\/"},{"@type":"ListItem","position":4,"name":"Coding con Scratch"}]},{"@type":"WebSite","@id":"https:\/\/www.icdefilippovillanova.edu.it\/archivio\/#website","url":"https:\/\/www.icdefilippovillanova.edu.it\/archivio\/","name":"Istituto Comprensivo Eduardo De Filippo - Villanova","description":"","potentialAction":[{"@type":"SearchAction","target":{"@type":"EntryPoint","urlTemplate":"https:\/\/www.icdefilippovillanova.edu.it\/archivio\/?s={search_term_string}"},"query-input":"required name=search_term_string"}],"inLanguage":"it-IT"}]}},"_links":{"self":[{"href":"https:\/\/www.icdefilippovillanova.edu.it\/archivio\/wp-json\/wp\/v2\/pages\/7763"}],"collection":[{"href":"https:\/\/www.icdefilippovillanova.edu.it\/archivio\/wp-json\/wp\/v2\/pages"}],"about":[{"href":"https:\/\/www.icdefilippovillanova.edu.it\/archivio\/wp-json\/wp\/v2\/types\/page"}],"author":[{"embeddable":true,"href":"https:\/\/www.icdefilippovillanova.edu.it\/archivio\/wp-json\/wp\/v2\/users\/1"}],"replies":[{"embeddable":true,"href":"https:\/\/www.icdefilippovillanova.edu.it\/archivio\/wp-json\/wp\/v2\/comments?post=7763"}],"version-history":[{"count":9,"href":"https:\/\/www.icdefilippovillanova.edu.it\/archivio\/wp-json\/wp\/v2\/pages\/7763\/revisions"}],"predecessor-version":[{"id":7823,"href":"https:\/\/www.icdefilippovillanova.edu.it\/archivio\/wp-json\/wp\/v2\/pages\/7763\/revisions\/7823"}],"up":[{"embeddable":true,"href":"https:\/\/www.icdefilippovillanova.edu.it\/archivio\/wp-json\/wp\/v2\/pages\/78"}],"wp:attachment":[{"href":"https:\/\/www.icdefilippovillanova.edu.it\/archivio\/wp-json\/wp\/v2\/media?parent=7763"}],"curies":[{"name":"wp","href":"https:\/\/api.w.org\/{rel}","templated":true}]}}